10 - ((-49)/(-7) + -13). Calculate the greatest common factor of 26 and l.
26
Let b be 4 + -4 + (0 - -55). Calculate the greatest common factor of 99 and b.
11
Suppose -4 = -4*i + 2*i. Suppose -2*v = i*v - 52. Calculate the highest common factor of v and 143.
13
Let n be 4 + (32/15 - (-8)/(-60)). What is the greatest common divisor of 45 and n?
3
Let h be (72 - -3)/(24/872). What is the greatest common divisor of h and 109?
109
Suppose 4864 = 4*p - 2*g, p + 4*g - 1216 = 6*g. What is the highest common divisor of p and 76?
76
Let g be 395/3 + (-78)/117. What is the greatest common divisor of 2 and g?
1
Suppose -p + 5*z = -78, 4*z = 3*p + 69 - 270. Let g be (72/(-3))/(-2) - (-5 - -3). Calculate the greatest common factor of g and p.
7
Suppose -33*y + 3705 = -20*y. What is the greatest common divisor of y and 30?
15
Let l = 514 + 62. What is the greatest common factor of 9 and l?
9
Let r be ((-2)/3)/((1 - 0)/3). Let d(t) = -7*t - 2. Let i be d(r). Let j = 152 - 68. Calculate the greatest common factor of j and i.
12
Suppose 5*x = f + 299, -4*f = 4*x - 5*x + 75. Suppose 5*z - 21 = x. Suppose -4*r + z + 20 = 0. Calculate the greatest common divisor of 18 and r.
9
Let t be 34 - ((-390)/(-90) + 1/(-3)). Calculate the highest common factor of 330 and t.
30
Suppose -3*j = -10*j + 168. Suppose 0 = f - j - 11. Calculate the greatest common divisor of 5 and f.
5
Suppose -2*x - 2*z - 2*z = -70, 101 = 3*x + 2*z. Calculate the highest common factor of 33 and x.
33
Let d be 6188/140 - 1/5. Suppose 5*u - 250 = 4*y - 934, -332 = -2*y + 5*u. What is the highest common factor of y and d?
44
Let i be 5/(30/96) - 9. Let u = -3 + 4. Calculate the highest common factor of i and u.
1
Let a(p) = -p**2 + 8*p + 3. Suppose 4*h = 11 + 5. Suppose 3*r = g - 0*g + 14, -g = -h. Let x be a(r). What is the highest common divisor of 15 and x?
15
Suppose 316 = 3*h - 314. Suppose -50 - 44 = -3*v - f, -3*v - 2*f = -98. Calculate the highest common factor of h and v.
30
Let b(h) = -2*h + 42. Let i be b(21). Suppose i = -u + 5 + 1. What is the greatest common divisor of 6 and u?
6
Let v = -859 + 1799. What is the greatest common divisor of v and 47?
47
Let u(c) = -c**3 + 3*c**2 - 4*c + 1. Let n be u(2). Let v be (7 - 0 - -4) + n. Calculate the highest common factor of 32 and v.
8
Let v = 1030 + 70. What is the highest common factor of v and 25?
25
Let m = 68 + -48. Suppose -4*s - 14 - 158 = -3*c, 0 = 5*s + m. Let q(x) = 34*x - 6. Let a be q(4). What is the highest common factor of c and a?
26
Suppose 3*z - 265 = -y, 2*y - 7*z = -9*z + 530. What is the highest common factor of 53 and y?
53
Let m be 0 + 8 + 3 + -4. Suppose m*f - 12 = 2. Suppose -2*d - 33 = -x - f*x, 4*d = 0. Calculate the greatest common divisor of x and 1.
1
Let q(k) = k**2 + 7*k + 50. Let m be q(-4). Calculate the highest common factor of 950 and m.
38
Suppose -1360 = 15*g - 19*g. Suppose t - 5*t + g = 5*o, 0 = -4*t - o + 356. Let a be (-1)/4 - 290/(-8). What is the greatest common factor of t and a?
18
Let v(p) be the first derivative of p**3 - 5*p**2 + 3*p + 7. Let h be v(5). Calculate the greatest common factor of 56 and h.
28
Suppose -5*y + v = -1705, 8*v = 5*y + 6*v - 1710. What is the highest common factor of 100 and y?
20
Suppose n - 68 = -4. Suppose 0 = 5*b - 51*f + 53*f - 946, 5*f - 349 = -2*b. Calculate the greatest common divisor of b and n.
64
Let u be 8/3*(-48)/(-64). Suppose -3*j + 5*y = -19, -j + 11 = u*j - y. Suppose 24 = -h + 3*h. What is the greatest common factor of j and h?
3
Let u(k) = -5*k + 9. Let g be u(-9). Suppose 128 = t - g. Let w be 22 - (-16)/(-24)*-6. Calculate the highest common factor of t and w.
26
Suppose 2*w + 4*d = 160, -376 = -4*w + 2*d - 96. Suppose 0*s - s + 3 = 0. Suppose -11 = -z - s. What is the highest common factor of z and w?
8
Let z be -3*544*9/(-54). What is the highest common factor of z and 144?
16
Let g = 52 - 94. Let l be 9*7*(6 - (13 - 6)). Let h = g - l. What is the greatest common divisor of 21 and h?
21
Let j(f) = f**3 - 5*f**2 - 9*f + 11. Let t be j(6). Let p(b) = -b. Let y be p(t). Calculate the greatest common divisor of 7 and y.
7
Let b(w) = -w**2 + 3*w + 8. Let o be b(6). Let c = 20 + o. Suppose -8*t + 4*t = -120. What is the highest common divisor of t and c?
10
Let a be 620/8*(192/(-20))/(-8). What is the highest common divisor of 217 and a?
31
Suppose -x - 19 = 5. Let a = -7 - x. Calculate the greatest common divisor of 34 and a.
17
Let l = -309 + 351. Calculate the highest common divisor of 84 and l.
42
Let k be (90/(-60) + 50/(-4))*-4. Calculate the greatest common divisor of k and 84.
28
Let t(q) = -163*q - 51. Let l be t(-1). Calculate the highest common divisor of l and 48.
16
Suppose 3*u - 2*u + 3*r - 48 = 0, -3*r - 252 = -4*u. Let k = 65 - u. Calculate the highest common factor of 10 and k.
5
Suppose 629 = 12*r + 89. Calculate the greatest common factor of r and 75.
15
Let l be (-15)/((-3)/(-12)*-2). Let f = 54 - 34. What is the highest common divisor of l and f?
10
Suppose -5*c - 5 = -2*g + 22, 0 = -g + 2*c + 14. What is the greatest common divisor of 368 and g?
16
Suppose -d = 3*t - 66, -2*t = -7*t - d + 108. Let a = t + 12. Calculate the greatest common divisor of a and 11.
11
Let f = 159 - 91. What is the highest common factor of 8 and f?
4
Suppose 7*d = 622 - 566. What is the highest common factor of d and 320?
8
Suppose 7*n + 5*n - 2160 = 0. Calculate the highest common factor of n and 108.
36
Let r(m) = -7*m**2 + 93*m - 22. Let a be r(6). What is the greatest common factor of 426 and a?
142
Let o = -16 + 20. Suppose -61 = -a - a + m, -o*a + 107 = m. Let u = 16 + -9. What is the greatest common factor of u and a?
7
Let q be (-550)/(-6) + 5/15. Let z(g) = -90*g + 563. Let r be z(6). What is the highest common divisor of r and q?
23
Let b(g) = -g**2 + 6*g + 43. Let z be b(10). What is the greatest common divisor of z and 57?
3
Let d = 79 - 67. Calculate the greatest common divisor of d and 84.
12
Let x = 33 + -33. Suppose -a + 5*a = x. Suppose -5*b + 139 = m, a = 3*b - 5*b + m + 50. What is the highest common factor of b and 9?
9
Let k = -287 - -519. What is the highest common divisor of k and 174?
58
Suppose 3*p = 8*g - 3*g - 67, -3*p + 3 = 0. What is the highest common factor of 553 and g?
7
Suppose -4*i = 3*y - 11, -4*y = -8*y + 4. Let c be i/9 - (-1315)/(-45). Let f = -14 - c. What is the greatest common factor of f and 30?
15
Suppose -3*c - 5 = 7, c + 388 = 4*i. What is the greatest common factor of 60 and i?
12
Suppose -3*i = x, 4*x = 2*i + 13 + 15. Calculate the highest common factor of x and 111.
3
Suppose -22*d = -19*d - 4*v - 67, -4*d + 85 = -v. What is the highest common divisor of d and 15?
3
Let o = -2167 + 3306. What is the greatest common factor of 17 and o?
17
Let p = 45 + 60. Let q = p + -73. Calculate the greatest common divisor of q and 8.
8
Let t(v) = 26*v**2 - 51*v + 308. Let g be t(6). Calculate the highest common divisor of g and 14.
14
Suppose -2*j = 4*z - 500, -j + 2*j - 3*z - 225 = 0. What is the highest common divisor of j and 840?
120
Let n = -64 - -58. Let q(z) = -z - 5. Let g be q(n). What is the greatest common divisor of g and 11?
1
Let x be (4 - 2)/(2/42). Let l be 2600/22 - 14/77. Suppose -6*o = -l - 50. Calculate the greatest common divisor of x and o.
14
Suppose 25*i - 13061 = 2939. What is the greatest common divisor of i and 20?
20
Suppose -r = -3, -2*o + 3*o - 2*r = -10. Let y be (o - 3) + 1*2. Let w be (-2 - y)*1/3. What is the greatest common factor of w and 7?
1
Let s(l) = -l**3 + 8*l**2 - 6*l. Let c be s(6). Let n be (-1)/2*12/3*-3. Let v = n + 3. Calculate the greatest common divisor of v and c.
9
Suppose 9*g - 3458 + 434 = 0. Calculate the greatest common factor of 224 and g.
112
Suppose m = -3*m + 28. Let p = -128 - -135. What is the highest common divisor of p and m?
7
Suppose -c + 0*o - 2*o = -11, 4*o - 4 = 4*c. Suppose c*j = 7*j - 320. What is the highest common divisor of 200 and j?
40
Let k(h) = 13*h**2 - h + 6. Let u be k(-2). Let d(r) = -r**3 - 3*r**2 + 2*r + 4. Let l be d(-4). What is the greatest common divisor of u and l?
12
Suppose 219 - 75 = 9*k. Calculate the highest common factor of k and 200.
8
Suppose 0 = 8*u - 168 - 168. Calculate the highest common factor of 70 and u.
14
Suppo